x) = x**3 - 20*x**2 - 21*x + 10. Calculate q(21).
10
Let d(t) = 46*t - 465. Calculate d(10).
-5
Let n(g) = g**3 - g**2 - 11*g + 4. Determine n(4).
8
Let j(w) = 11*w**3 + 2*w + 2. Give j(-1).
-11
Let r(q) = -14*q**2 - 87*q - 5. What is r(-6)?
13
Let v(g) = 6*g - 18. Calculate v(4).
6
Let t(y) = y**2 + 8*y - 20. Give t(-9).
-11
Let g(r) = -r + 23. Determine g(-6).
29
Let w(b) = -b**3 + 17*b**2 + 2*b - 38. Determine w(17).
-4
Let f(v) = 5*v**2 + v - 6. Give f(2).
16
Let c(a) = -3*a**2 - 20*a - 5. Calculate c(-9).
-68
Let d(f) = -2*f**3 - 5*f**2 - 3*f + 5. Calculate d(2).
-37
Let c(n) = -2*n**3 - 18*n**2 - 37*n + 12. Give c(-5).
-3
Let q(m) = -3*m + 23. What is q(7)?
2
Let u(o) = 5*o**2 + 374*o - 69. Determine u(-75).
6
Let f(w) = -w**3 - 2*w - 2. What is f(-1)?
1
Let w(i) = -5*i**3 - 2*i**2 + 9*i - 14. Determine w(3).
-140
Let v(l) = -2*l - 24. Give v(-7).
-10
Let t(s) = -s**3 + 5*s**2 + 3. What is t(4)?
19
Let g(u) = -2*u + 2. Calculate g(1).
0
Let x(t) = 9*t - 67. Calculate x(6).
-13
Let t(b) = 6*b**2 + 51*b + 15. Determine t(-8).
-9
Let q(d) = -29*d**2 - 1. Give q(1).
-30
Let j(h) = 11*h**2 + 4*h - 4. What is j(2)?
48
Let f(k) = 7*k + 26. What is f(-12)?
-58
Let f(b) = -9*b + 8. Determine f(2).
-10
Let x(c) = 5*c**2 - 3*c - 1. Determine x(-3).
53
Let h(l) = l**2 + 17*l - 7. Give h(-18).
11
Let s(k) = k**2 - 22*k - 24. Calculate s(23).
-1
Let u(i) = -17*i. What is u(-2)?
34
Let n(m) = 4*m - 65. Determine n(21).
19
Let g(v) = -5*v**2 + v. What is g(1)?
-4
Let t(k) = -2*k - 27. Give t(-10).
-7
Let x(v) = v**3 - 7*v**2 - 17*v - 11. What is x(9)?
-2
Let z(u) = 73*u - 27. What is z(1)?
46
Let u(t) = t**2 + 2*t. Give u(-2).
0
Let d(v) = 12*v - 2. Give d(-2).
-26
Let l(j) = j**2 + 12*j + 23. What is l(-6)?
-13
Let y(z) = z**2 + 32*z + 28. Give y(-31).
-3
Let w(m) = m**3 - 5*m**2 + m + 2. Determine w(6).
44
Let r(z) = -z**3 + 76*z**2 - 19*z + 1441. What is r(76)?
-3
Let n(j) = 20*j - 465. Determine n(23).
-5
Let r(u) = u**3 + 6*u**2 + 7. Calculate r(-6).
7
Let w(u) = u**2 - 49*u + 362. Calculate w(9).
2
Let j(k) = k**3 - 6*k**2. What is j(5)?
-25
Let q(l) = -l**2 + 12*l + 20. Calculate q(15).
-25
Let u(w) = w - 3. Determine u(-24).
-27
Let s(t) = t**2 + 8*t + 7. Determine s(-7).
0
Let v(f) = f + 15. Calculate v(-7).
8
Let x(p) = -p**3 - 10*p**2 + 41*p + 25. What is x(-13)?
-1
Let t(g) = 3*g**2 - 2*g + 4. Give t(3).
25
Let h(x) = 2*x - 1. Calculate h(-3).
-7
Let k(m) = -m**3 + m**2 + 18*m + 11. Determine k(5).
1
Let g(u) = 19*u**3 - 2*u**2 + u - 1. What is g(-2)?
-163
Let a(u) = 27*u. What is a(1)?
27
Let q(v) = 4*v**3 + 2*v**2 - 6*v. Calculate q(2).
28
Let f(o) = -2*o**2 - 2. Give f(5).
-52
Let j(k) = -8*k - 70. What is j(-10)?
10
Let u(w) = w**2 + 5*w - 5. What is u(-9)?
31
Let t(l) = 8*l**2 + l + 2. Give t(-1).
9
Let d(o) = 12*o + 36. Give d(-7).
-48
Let b(x) = -3*x - 9. Give b(-6).
9
Let d(z) = -2*z**2 + 9*z + 24. Calculate d(-2).
-2
Let h(r) = -r - 17. Calculate h(-7).
-10
Let p(b) = -3*b**3 - 43*b**2 - 11*b + 49. What is p(-14)?
7
Let w(q) = -q**2 - 27*q + 54. Determine w(-30).
-36
Let z(f) = -7*f - 15. Determine z(5).
-50
Let x(o) = o**3 - 8*o**2 + 6*o - 3. What is x(6)?
-39
Let r(t) = 2*t**2 - 90*t - 616. What is r(-6)?
-4
Let b(y) = 6*y + 49. Give b(-8).
1
Let d(y) = -y**2 + 9*y + 24. Calculate d(10).
14
Let m(k) = 12*k - 4. Calculate m(2).
20
Let w(y) = -y**2 + 11*y + 13. Calculate w(9).
31
Let o(l) = 2*l**2 - 14*l - 8. Determine o(7).
-8
Let n(g) = g**3 - 8*g**2 + 6*g + 15. Determine n(7).
8
Let i(l) = l**3 - 2*l + 18. Give i(0).
18
Let a(z) = -z**3 + 6*z**2 + 57*z - 12. What is a(11)?
10
Let v(b) = b**3 - 5*b**2 + 3*b - 7. Give v(5).
8
Let m(t) = -12*t**3 - 2*t**2 - 3*t - 3. Determine m(-1).
10
Let k(g) = -4*g**2 - 41*g - 1. Give k(-10).
9
Let m(h) = 2*h + 3. What is m(4)?
11
Let u(r) = 9*r**3 - r**2 - r + 3. What is u(1)?
10
Let w(y) = 10*y + 197. What is w(-20)?
-3
Let z(o) = o**3 - 4*o**2 - 6*o + 8. What is z(6)?
44
Let w(j) = -96*j + 476. Determine w(5).
-4
Let u(l) = l**2 + 8*l. What is u(-6)?
-12
Let c(k) = k**3 - 2*k**2 + 4*k - 9. Calculate c(3).
12
Let w(b) = -6*b**3 - 3*b**2 - 6*b - 7. Determine w(-2).
41
Let o(r) = 4*r + 7. What is o(8)?
39
Let l(o) = -16*o**3 - 2*o**2 - o + 1. Give l(-1).
16
Let o(m) = -5*m**2 + 7*m + 24. Determine o(5).
-66
Let r(t) = -t**3 + 6*t**2 + 2*t + 25. Give r(7).
-10
Let o(j) = 4*j - 10. Give o(7).
18
Let j(g) = g**3 - 9*g**2 - 13*g - 13. What is j(9)?
-130
Let d(u) = -29*u + 232. Calculate d(8).
0
Let d(x) = -4*x**2 + 12*x + 22. Give d(7).
-90
Let v(c) = 2*c + 20. What is v(-4)?
12
Let h(v) = -v**3 + v**2 - v - 1. What is h(0)?
-1
Let f(y) = 8*y + 26. Determine f(-4).
-6
Let m(v) = v**3 + 3*v**2 + 2*v + 2. Determine m(-3).
-4
Let q(n) = -2*n + 2. Calculate q(4).
-6
Let z(q) = q**3 + 12*q**2 + 11*q - 10. What is z(-11)?
-10
Let o(x) = -6*x**3 + 3*x - 6. Calculate o(-3).
147
Let o(d) = -2*d - 17. Calculate o(14).
-45
Let l(j) = j**3 + 22*j**2 - 20*j + 72. Give l(-23).
3
Let b(m) = -6*m**2 - 12*m + 6. Determine b(-3).
-12
Let k(x) = -23*x**3 - x. What is k(-1)?
24
Let x(t) = -t**3 - 2*t**2 + 3*t + 5. Give x(-3).
5
Let d(x) = 2*x**3 - 9*x**2 - 4*x - 1. What is d(5)?
4
Let o(t) = -t**3 - 4*t**2 + t + 3. Give o(3).
-57
Let j(g) = -g**3 - 4*g**2 - 6*g - 31. Determine j(-5).
24
Let t(i) = -15*i - 77. Calculate t(-5).
-2
Let v(w) = w**2 - 32*w - 101. What is v(35)?
4
Let z(i) = -i**3 - 9*i**2 - 5*i + 8. Calculate z(-8).
-16
Let y(u) = -39*u + 246. Determine y(6).
12
Let d(l) = -l**2 + 33*l - 213. Calculate d(8).
-13
Let w(r) = -r**2 + 30*r + 15. Give w(31).
-16
Let m(z) = z**3 - 7*z**2 - z + 3. What is m(6)?
-39
Let n(a) = -a**2 + 13*a + 28. Determine n(12).
40
Let h(n) = -5*n**2 - 4*n + 5. Give h(-4).
-59
Let o(a) = -14*a - 87. Calculate o(-5).
-17
Let r(b) = -b - 65. Give r(-44).
-21
Let j(p) = 4*p - 2. Determine j(4).
14
Let u(w) = 2*w**2 + w - 2. Determine u(-3).
13
Let t(s) = 5*s + 23. Determine t(-3).
8
Let x(s) = s**3 - 10*s**2 - 5*s + 5. Determine x(10).
-45
Let j(q) = -6*q. What is j(5)?
-30
Let u(b) = -b + 24. Give u(-16).
40
Let n(s) = -9*s**3 - 21*s**2 - 3*s + 6. Give n(-2).
0
Let q(r) = -r**3 + 3*r**2 - 13*r + 26. Calculate q(3).
-13
Let x(o) = o - 66. Determine x(-13).
-79
Let m(p) = 12*p + 7. Calculate m(6).
79
Let j(w) = -4*w + 111. Calculate j(29).
-5
Let u(j) = 103*j**2 - 11*j + 1. Give u(1).
93
Let j(n) = -n**2 + 6*n - 5. Give j(3).
4
Let y(f) = -17*f + 11. What is y(5)?
-74
Let n(b) = b**3 - 11*b**2 - 2*b + 6. Determine n(11).
-16
Let h(a) = a**3 - 6*a**2 - 7*a - 3. Give h(7).
-3
Let j(i) = -i**3 - i**2 + 11*i + 5. Calculate j(3).
2
Let g(x) = -x**3 + 5*x**2 - 11*x - 3. Determine g(5).
-58
Let w(g) = -g**2 - 8*g - 3. Determine w(-9).
-12
Let j(y) = y**2 - 9*y + 19. What is j(6)?
1
Let k(f) = f**3 - 20*f**2 + 48*f + 10. Calculate k(17).
-41
Let k(u) = u**2 - 33*u + 33. What is k(31)?
-29
Let b(n) = -54*n - 162. Calculate b(-3).
0
Let j(z) = -2*z**3 - 81*z**2 - 44*z - 151. Determine j(-40).
9
Let t(v) = -2*v**2 - 11*v + 8. Calculate t(-6).
2
Let y(c) = -c - 21. Determine y(-23).
2
Let k(c) = -c**2 - 3*c - 1. Calculate k(3).
-19
Let p(y) = 2*y + 25. Calculate p(3).
31
Let o(t) = -t**2 + 53*t + 420. Calculate o(-7).
0
Let n(v) = v**3 - 6*v**2 - 18*v + 9. Determine n(8).
-7
Let c(s) = -10*s + 33. Calculate c(4).
-7
Let t(d) = 4*d - 2. What is t(8)?
30
Let y(f) = -3*f**2 + 5*f - 3. Give y(4).
-31
Let k(s) = s**3 + 22*s**2 - 24*s - 45. Give k(-23).
-22
Let t(y) = y**3 - 11*y**2 + 15*y - 3. Calculate t(9).
-30
Let t(o) = 53*o + 1106. Determine t(-21).
-7
Let d(u) = -u**3 + 12*u**2 - 5*u + 6. What is d(11)?
72
Let c(u) = -3*u**2 + 26*u - 12. Determine c(10).
-52
Let m(h) = h - 15. Give m(18).
3
Let a(u) = 14*u - 1. Give a(-1).
-15
Let s(b) = 6*b + 7. Give s(-16).
-89
Let r(f) = -f**3 + 5*f**2 - f + 3. Determine r(5).
-2
Let t(c) = c**3 - 7*c**2 + 7*c - 5. Determine t(5).
-20
Let f(r) = -r**2 + 32*r - 177. Determine f(8).
15
Let r(a) = a**2 - 3. Give r(-4).
13
Let j(p) = 2*p + 13. Calculate j(10).
33
Let z(w) = -6*w**3 - w**2 + 1. Determine z(-2).
45
Let g(x) = x**3 + 8*x**2 + 5*x - 15. Calculate g(-7).
-1
Let y(c) = -16*c - 299. Give y(-19).
5
Let y(v) = 4*v - 27. Determine y(-16).
-91
Let a(n) = n**3 - 6*n**2 + 3*n + 5. Determine a(4).
-15
Let a(l) = 9*l**2 + l + 1. Determine a(-1).
9
Let x(n) =